et s(o) = -4 - 6*o + 3*o - 10. Let n(k) = -3*k - 13. Let v(w) = -7*n(w) + 6*s(w). Let x = 4 - 9. Give v(x).
-8
Let q be (-2)/4 - (-63)/6. Suppose -14 = m + 5*n, -3*m + 3*n = -2 - q. Let b(z) = 11*z**2 - z. Give b(m).
10
Suppose -4*o + 12 = -4*r, -9 = 5*o - 3*r - 24. Let b(q) = o - 5 + 9 - q. What is b(6)?
1
Let g(r) = -r**2 + 4*r - 1. Let k be (-7 + 16)/(-1 + 10/4). Determine g(k).
-13
Let u(p) be the first derivative of p**2 + 4*p + 1. Let r(w) = -2*w**2 + 9*w - 2. Let m be r(6). Let b be (-4)/(-10) + 68/m. Give u(b).
-2
Let y(z) = -z**3 + 6*z**2 + 6*z + 5. Let a be y(7). Let l(b) = 4*b + 2*b + 0*b. Determine l(a).
-12
Let v(a) = -a**3 - 7*a**2 + 2. Let j be v(-7). Suppose -2*n - j = 8. Let r(y) = y + 7. Let b be r(n). Let k(x) = 2*x**2 + x + 1. What is k(b)?
11
Let x(b) = b**2 + b. Let c be x(0). Suppose -4*o - 3*h = -c*h - 5, h + 7 = 3*o. Let m(j) = -5 - o + 4*j - j**2 + 5. Give m(5).
-7
Suppose -2*z = z - 3. Let m(l) = 4*l**3 + l**2 - 1. Let w be m(z). Let d(a) = -a**3 + 4*a**2 + a - 1. Calculate d(w).
3
Let b(y) be the second derivative of y**4/12 - 5*y**3/6 + 5*y**2/2 - 2*y. Suppose d = 4*f - 13, 4*f - 4*d - 8 = -f. Calculate b(f).
1
Let s(r) = 7*r**2 + 1 + 2*r**2 - 4*r**2 + 5*r**2 + 2*r. Let p be 16/7 - 4/14. Let b = 1 - p. What is s(b)?
9
Let o = 4 + -2. Let d(v) = -3*v**3 - 6*v**2 - 2*v. Let m(c) = c**3 + c**2 - c. Let h(w) = o*m(w) + d(w). Give h(-3).
3
Let h(i) = 4 + 7 - 6*i - 13. Determine h(-2).
10
Let r(z) = z**2 + z - 1. Let f(x) = -2*x**2 - 2*x + 2. Let q(w) = 3*f(w) + 5*r(w). Give q(0).
1
Suppose -5*k - d = 73, 3*k + 38 + 3 = -2*d. Let a be k/6*4/(-5). Let v(i) = -1 - 4*i - 1 + 2 + 2. Calculate v(a).
-6
Let z(s) be the first derivative of -s**3 - 3*s**2/2 - 9. Calculate z(-2).
-6
Suppose 0 = 3*d + 4*v + 24, 4*d + d + v + 23 = 0. Let m(h) = -h**2 - 6*h - 5. Give m(d).
3
Let b(r) = 9*r - 4. Let q(w) = -5*w + 2. Let p(h) = -6*b(h) - 11*q(h). Give p(2).
4
Suppose 12 = 5*f + 2. Let l(o) = f*o**2 - 1 - 3 + 6 + 5*o. Let g = -8 + 5. What is l(g)?
5
Suppose 2*w - 20 = -3*w. Suppose -x - 21 = w*x + c, -5*x + 3*c - 17 = 0. Let a(o) = -1 + 0*o**3 + 5 + 5*o**3 - 4*o**2 - 6*o**3. What is a(x)?
4
Let b(g) be the third derivative of -g**4/24 + g**3/2 - g**2. Let v = 2 + -6. Calculate b(v).
7
Suppose 2 = -2*r + 10. Let l = -5 + r. Let s be (2 - 1) + l/1. Let f(p) = -p - 1. Calculate f(s).
-1
Let n(t) = -4*t + 22. Let u(x) = x - 7. Let v(w) = -2*n(w) - 7*u(w). Determine v(4).
9
Let k(j) = -j - 7. Let h be k(-2). Let s(x) = -3*x - 2. Suppose 5*c - 11 = 14. Let f(r) = -2*r - 1. Let d(m) = c*s(m) - 7*f(m). Give d(h).
2
Let y(m) = -4 + 4*m - m + 8*m - 5*m - m**2. Suppose -2*x = -3*q + 2*x + 22, 0 = -5*q - 4*x + 26. Determine y(q).
-4
Let c be ((2 - 0) + -1)*-1. Let s(m) = -27*m**2 - 10*m. Let d(a) = 9*a**2 + 3*a. Let k(y) = -7*d(y) - 2*s(y). Calculate k(c).
-8
Let i(l) = l**2 - l + 10. Suppose -3*q - 5*a = 10, 1 + 1 = -q - a. Calculate i(q).
10
Let k(u) be the second derivative of u**4/12 - u**3/6 + 3*u**2/2 - 2*u. Let n = -22 + 22. Determine k(n).
3
Let f = 13 + -7. Let x(a) be the second derivative of -a**3/6 - 5*a**2/2 + 19*a. Determine x(f).
-11
Let t(y) = -y**2. Let j = -25 - -25. Suppose 4*w + 0*d + d = 0, j = -5*w - 2*d - 3. Determine t(w).
-1
Let n(l) = 2*l - 15. Let i be n(9). Let t(b) = 2*b**i + 4 - 3 + b + b**2 - 7*b**3. Calculate t(-1).
6
Suppose 5*p = 10*p. Let l(k) be the third derivative of 0 + p*k + 0*k**4 + 1/20*k**6 - 1/6*k**3 + 1/30*k**5 - k**2. Calculate l(1).
7
Let j(l) be the second derivative of 1/20*l**5 + 0*l**2 + 1/4*l**4 + 3*l + 1/3*l**3 + 0. What is j(-3)?
-6
Let t(w) = 14*w + 8*w + 0*w**2 - 11 - w**2 + w**3 - 23*w. What is t(0)?
-11
Let q(o) be the first derivative of o**3/3 - o**2/2 - 4*o - 1. Let y be 3*(6/2)/3. Determine q(y).
2
Let a(x) = 5*x + 6. Let o(j) = 4*j + 7. Let l(b) = 5*a(b) - 6*o(b). Let h be (-4)/14 - (-44)/7. Calculate l(h).
-6
Let j(n) = -n + 4. Let v be (7/21)/((-3)/(-54)). What is j(v)?
-2
Suppose -6*m = 2*h - 3*m - 19, -4*h + 28 = 4*m. Let w be (h - -1)/(3/2). Let s(c) be the second derivative of c**3/2 - 3*c**2/2 - 15*c. Give s(w).
3
Let p(u) = -147 - u + 71 + 72. Calculate p(-4).
0
Let j(t) = t**3 - 3*t**2 - 4*t + 6. Let u be (2 - 3) + -2 + 3. Suppose -c = -u*c - 4. Determine j(c).
6
Let c be 8/(-2) + 3/1. Let z(k) = k**2 + 2*k - 1. Let x be z(-3). Let m(b) = -b**x + 0*b + b - 2*b. What is m(c)?
0
Let j(i) = -6*i + 18. Let a(t) = -9*t + 27. Let m(s) = 5*a(s) - 8*j(s). Give m(6).
9
Let d(w) = -3*w. Let p = -27 + 29. What is d(p)?
-6
Suppose 20 = -z + 6*z. Let a(f) = -5*f - 5*f**3 + 1 - 4*f**2 + z*f**3 - f**2 + 1. Give a(-4).
6
Let d(o) = 12*o - 21. Let t(u) = -u + 1. Let l be -1*3*1/3. Let w(v) = l*d(v) - 15*t(v). Give w(-4).
-6
Let y(z) = z - 5. Suppose p = -4*d + 16, -4*p - 40 = -4*d + p. Suppose -d = 2*w - 15, 0 = o + 3*w - 20. What is y(o)?
0
Let r(u) = -4*u + 3 + 0*u - u - u**2 + u**3. Suppose -z - 30 + 33 = 0. What is r(z)?
6
Let g(k) be the third derivative of -k**7/2520 - k**6/120 + k**5/40 - k**4/8 + k**2. Let n(y) be the second derivative of g(y). Determine n(-5).
8
Let l be 1 + 1 + 0/7. Suppose 2*v - 2 = 5*h, 2*h - l*v = -5 + 3. Let m(r) = h*r - r**2 - 2 + 4*r - 1. What is m(4)?
-3
Let d(w) = -w**2 - 8*w - 1. Let c(s) = -s - 2. Let v be c(3). Determine d(v).
14
Let u = 3 + 0. Suppose 0*c = -4*c + 8. Let g(d) = d**u - 3 + 4 + d**c - 2. What is g(1)?
1
Let d(s) = s**2 + 2*s - 5. Suppose 14 - 4 = -5*l. Let y(z) = -3*z**2 - 5*z + 15. Let v(c) = l*y(c) - 7*d(c). Give v(-5).
0
Let b(o) = 7*o - 1. Let m(r) = 20*r - 2. Let j(h) = -8*b(h) + 3*m(h). Give j(-2).
-6
Let m(v) = -v**2 - 9*v - 5. Suppose -22*q = -27*q - 35. Determine m(q).
9
Let a(y) = 4*y + 1 + y - 4*y. Let w = 6 - 4. Give a(w).
3
Let q(n) = n**2 - 5*n + 3. Let g be q(8). Suppose 0 = -s - s - x + 6, 3*s - 3*x - g = 0. Suppose -s*y = -9 - 1. Let p(a) = -2*a**2 + 2*a + 1. Give p(y).
-3
Let g = -11 + 15. Suppose -5*k - 6 = g*v, 4*k + 0 = 3*v + 20. Let a(p) = 9*p - 3 + 0 + k. Calculate a(1).
8
Let t(w) = -w - 6. Let p be t(-9). Let d(h) = -2*h**2 - p*h**2 + 5*h + 3*h + 1 + h**3 - 4*h. Give d(3).
-5
Let g(y) = 6*y - y - 12 - 4*y + 5. Give g(9).
2
Let d(n) = 4 + 0*n - 3 + n. Let w be d(2). Let z(b) = 4*b - 4*b**3 + 3*b**2 + w*b**3 - b - 4. Determine z(3).
5
Let y(p) = -p**3 - 7*p**2 + 9*p + 11. Let z be y(-8). Let b(w) = 2*w - 3. Let s be b(z). Let n(u) = -u**3 + 2*u**2 + u - 1. What is n(s)?
-7
Suppose -2*b - 5*k + 2 = 0, 5*k + 28 = 3*b - 0*b. Let y(s) = -s**2 + b + s**2 - s**2. Suppose 2*a - 6*a = 0. Give y(a).
6
Let r be (-15 - -15)*(-1)/(-2). Let l(c) be the second derivative of -c + r + 3/20*c**5 - 1/3*c**3 + 1/12*c**4 + 1/2*c**2. Calculate l(1).
3
Let u(m) = -m**2 + 4*m - 2. Let q(i) = i - 1. Let w(x) = 1 + 2*x - 6 + 1 - 6. Let g(d) = 3*q(d) - w(d). Let c be g(-5). Give u(c).
2
Let u(b) be the first derivative of 5*b**2 - 2*b + 18. Give u(2).
18
Let s be (-20)/(-2) + (3 - 2). Suppose -5*g + 4 = -s. Let i(f) = f + 2*f - 4*f + 5 + g*f. Determine i(-5).
-5
Let y(s) be the third derivative of -s**4/24 + 7*s**2. Let w = 13 - 18. Calculate y(w).
5
Let j(z) = -2*z. Let c be j(2). Suppose 4 = 2*y + s, -3*y - 2*s + 4 + 2 = 0. Let r(p) = p + y*p - 2*p. Determine r(c).
-4
Let k(b) = 3*b - 4. Suppose 0 = 3*c + 3 + 6. Give k(c).
-13
Let u(a) = a**3 - 2*a**2 - 4 + a + 0 - 4*a. Suppose -2*s + 9 = 5*w, 0 = 2*w + 3*w - 5*s - 30. What is u(w)?
-4
Let b(m) = m**3 + m + 1. Suppose 0 = -6*k + 4*k. Suppose k = f + 4*f. Give b(f).
1
Let x(d) be the first derivative of -d**6/360 - d**5/120 + 5*d**4/24 - d**3/3 + 1. Let l(s) be the third derivative of x(s). Let k = 64 - 64. Give l(k).
5
Let m(b) = b**3 - 2*b**2. Let x be m(2). Suppose -3 = -x*r - r. Let g(z) = 2 - 1 - 2 - z**2 - r*z. What is g(-4)?
-5
Let u(i) = -i**2 + 4*i - 7. Let g be u(2). Let t(s) = s**2 + 2*s - 4. Give t(g).
-1
Let k(p) = -p**3 + 3*p**2 + p - 1. Suppose -2*m - 2 = -3*u, 2*m = -0*u - 4*u + 26. Let i be m*(3 - 1)/(-2). Let g = i - -8. Determine k(g).
2
Let w(c) be the first derivative of -c**3/3 - 5*c**2/2 - 2*c + 4. Give w(-4).
2
Let y(f) be the third derivative of -f**4/24 - f**3/3 + 9*f**2 - 2*f. Calculate y(-6).
4
Suppose 0 = -3*k + 3*d - 29 + 86, -2*d + 7 = k. Suppose 4*p + 5*r = k - 0, 10 = p - 5*r. Let t(l) = l - 3. Give t(p).
2
Suppose 3*j - 8*j = 2*q - 12, 0 = -3*j + 12. Let